 + 2?
-ac26
In base 15, what is -2 + 67b?
679
In base 14, what is 3 + -2604?
-2601
In base 16, what is 40e - 3?
40b
In base 16, what is -4 - -29?
25
In base 12, what is -6a7 - -1?
-6a6
In base 3, what is -11 - -11001?
10220
In base 5, what is -4 + 1111?
1102
In base 7, what is -224 - 0?
-224
In base 15, what is 2 - -21?
23
In base 11, what is -14 + -3?
-17
In base 9, what is 2 + 56?
58
In base 9, what is 744 + 1?
745
In base 9, what is -2 + 53?
51
In base 12, what is 1a - 2?
18
In base 6, what is 5 - -1405?
1414
In base 3, what is 11 - 2?
2
In base 13, what is 5 + -3c?
-37
In base 9, what is -287 - -1?
-286
In base 6, what is 1 - -2003?
2004
In base 12, what is 45 - 14?
31
In base 12, what is -2 - 2b8?
-2ba
In base 7, what is 3 - -134?
140
In base 3, what is 120002202 + 10?
120002212
In base 15, what is -a7 - 3?
-aa
In base 15, what is 4b - 3?
48
In base 10, what is -7 - 5?
-12
In base 2, what is -10000011011101001 - 101?
-10000011011101110
In base 2, what is -11011110 + -100010?
-100000000
In base 13, what is 19 + -247?
-22b
In base 2, what is 0 - -101?
101
In base 3, what is 10011 - 10020?
-2
In base 2, what is -101100 + 11?
-101001
In base 6, what is -2 - -1240?
1234
In base 5, what is 31021 + 21?
31042
In base 5, what is 11323 + 0?
11323
In base 14, what is -3a + -3a?
-76
In base 3, what is -12020 + 11?
-12002
In base 14, what is 52c - -1?
52d
In base 10, what is -9287 - 4?
-9291
In base 5, what is 212 + 31?
243
In base 3, what is -10 + -220222?
-221002
In base 11, what is -15 + 3?
-12
In base 10, what is -1 - -522?
521
In base 15, what is -5 + -1b0?
-1b5
In base 15, what is -5 - 19?
-1e
In base 11, what is -1a5a - 6?
-1a65
In base 12, what is -21 + -128?
-149
In base 7, what is -1 + -12?
-13
In base 3, what is 1001 - 11?
220
In base 7, what is 254 - 263?
-6
In base 9, what is 3 - 7?
-4
In base 11, what is -1724 + 4?
-1720
In base 15, what is 6 - dd?
-d7
In base 2, what is 1110011111 - 100?
1110011011
In base 16, what is -4 - -11?
d
In base 9, what is -1 - -834?
833
In base 14, what is 882 + 4?
886
In base 15, what is 3 - 7b?
-78
In base 2, what is -10 - 100111010?
-100111100
In base 7, what is -2 + -24250?
-24252
In base 13, what is c3b4 - 3?
c3b1
In base 7, what is 3 + -26513?
-26510
In base 2, what is 100 + 111011?
111111
In base 9, what is 38 + -3?
35
In base 5, what is -4 - -43004?
43000
In base 5, what is 2 - -214022?
214024
In base 7, what is -220 - 1?
-221
In base 16, what is -156 - 0?
-156
In base 13, what is -3 + 180?
17a
In base 5, what is 2 + -4440?
-4433
In base 10, what is 4 - -3899?
3903
In base 7, what is -25 - 31?
-56
In base 13, what is 0 - -164?
164
In base 7, what is -36 + 13?
-23
In base 2, what is 0 + -10000110001?
-10000110001
In base 14, what is 3 + -9?
-6
In base 13, what is 95 - 2?
93
In base 11, what is -35 - 2?
-37
In base 15, what is 3 + -9ce?
-9cb
In base 5, what is 4 - -43?
102
In base 15, what is -4 - -6ad?
6a9
In base 8, what is -2133 - -4?
-2127
In base 4, what is -1 - 10?
-11
In base 7, what is -1 + 1?
0
In base 5, what is -10 - 1?
-11
In base 5, what is -2204 - -33?
-2121
In base 10, what is -3 + -1011?
-1014
In base 6, what is 21 + -24?
-3
In base 15, what is -5 + -60?
-65
In base 3, what is 10 - 2002?
-1222
In base 14, what is -1 - 9?
-a
In base 4, what is -221 - 112?
-333
In base 4, what is 213 + 1?
220
In base 7, what is -3 + -206?
-212
In base 6, what is 431 + -4?
423
In base 13, what is 1 - 22?
-21
In base 2, what is 1001110 + 1000?
1010110
In base 4, what is 12222 - -3?
12231
In base 7, what is -10225 + -5?
-10233
In base 16, what is -5c - 2e?
-8a
In base 5, what is -1 - -44?
43
In base 9, what is 6438 - 2?
6436
In base 7, what is -1 - -23340?
23336
In base 13, what is 7c3 + -3?
7c0
In base 7, what is -11 - 2621?
-2632
In base 12, what is -59a1 + -4?
-59a5
In base 14, what is b + 4?
11
In base 8, what is -10 + -1311?
-1321
In base 10, what is 60 - 11?
49
In base 15, what is 25cc - 0?
25cc
In base 12, what is 5 + -17?
-12
In base 10, what is 69 + 28?
97
In base 16, what is b0 - -1?
b1
In base 6, what is -3 - -142?
135
In base 16, what is 4 - 6fe?
-6fa
In base 14, what is -6 + -92?
-98
In base 5, what is -13 - 11010?
-11023
In base 16, what is 39 + a?
43
In base 5, what is 0 - 30231?
-30231
In base 13, what is -1751 + 2?
-174c
In base 11, what is -5 + -a3?
-a8
In base 10, what is -1 + 60?
59
In base 7, what is -1110 + -31?
-1141
In base 7, what is -1 - 11023?
-11024
In base 6, what is 3 + -514?
-511
In base 7, what is 0 + -1254?
-1254
In base 10, what is 0 - -7?
7
In base 3, what is 1221 - -1020?
10011
In base 15, what is 70 - 5?
6a
In base 5, what is -40 + -22?
-112
In base 6, what is 513 - 1?
512
In base 15, what is d8 + 11?
e9
In base 14, what is -20c + 7?
-205
In base 3, what is 210 - -1000?
1210
In base 2, what is -1101000 + -110?
-1101110
In base 7, what is 14 + -11?
3
In base 15, what is -4 - 37b?
-380
In base 9, what is 1436 + 2?
1438
In base 9, what is -1 - -64?
63
In base 4, what is 3122 + -20?
3102
In base 10, what is 364 + -18?
346
In base 9, what is -13 + 1377?
1364
In base 8, what is -2 + -52?
-54
In base 8, what is -116 - 7?
-125
In base 11, what is -40a - 27?
-436
In base 9, what is -2433 + -5?
-2438
In base 16, what is -5 - -3b?
36
In base 7, what is 0 - 3422?
-3422
In base 5, what is 143 + -1044?
-401
In base 10, what is -3 + -4172?
-4175
In base 5, what is 140004 + 4?
140013
In base 4, what is -333002 + -20?
-333022
In base 2, what is 110 + -1011000?
-1010010
In base 13, what is 5 + -3c?
-37
In base 8, what is -17 + 21?
2
In base 3, what is -121100 - 10?
-121110
In base 7, what is 3 + 22305?
22311
In base 10, what is -197 - 1?
-198
In base 3, what is 0 + -1102?
-1102
In base 16, what is 2b + 0?
2b
In base 6, what is -353 + 3?
-350
In base 2, what is -100 + -110000010100?
-110000011000
In base 10, what is -453 + -1?
-454
In base 16, what is -139 - -2?
-137
In base 12, what is -14 - 7?
-1b
In base 15, what is 3a - 1?
39
In base 11, what is -3 + 0?
-3
In base 8, what is 2072 + -2?
2070
In base 15, what is -59 + 6?
-53
In base 12, what is 1 + 932?
933
In base 3, what is -11 + -1200122?
-1200210
In base 7, what is 250 + 15?
265
In base 6, what is 1340 + 4?
1344
In base 2, what is -1 + -100100?
-100101
In base 12, what is 40 + -5?
37
In base 2, what is 10001 + -110000010?
-101110001
In base 6, what is -2005 - -4?
-2001
In base 7, what is 4 - 11541?
-11534
In base 8, what is 1446 + 2?
1450
In base 11, what is 4 + -71?
-68
In base 10, what is -644 + -20?
-664
In base 4, what is 2 - -33230?
33232
In base 16, what is 8 - 1f7?
-1ef
In base 6, what is 153 + -1051?
-454
In base 5, what is 0 + -11?
-11
In base 8, what is 202 + 0?
202
In base 15, what is 2 + -155?
-153
In base 12, what is 0 + -13?
-13
In base 12, what is 57 + -3?
54
In base 9, what is -18 + 11?
-7
In base 12, what is b9 + 8?
105
In base 16, what is 15c + -12?
14a
In base 3, what is -2 - 11?
-20
In base 9, what is 2 - 100?
-87
In base 14, what is -5 + -80?
-85
In base 11, what is -1 - -108?
107
In base 8, what is 11 + 31?
42
In base 2, what is 100 - -1000010110?
1000011010
In base 8, what is 2 - -231?
233
In base 2, what is -110100 + 101001?
-1011
In base 14, what is 39 - -b?
46
In base 8, what is -1 + -241?
-242
In base 3, what is -1022 + -102?
-1201
In base 6, what is 0 + 200?
200
In base 5, what is 2220 - -134?
2404
In base 7, what is -3 - -14630?
14624
In base 10, what is -7 + 1014?
1007
In base 6, what is -31 - 5?
-40
In base 12, what is 50 - -2?
52
In base 5, what is 1 + 22?
23
In base 6, what is -5 - 325?
-334
In base 11, what is -10 + -718?
-728
In base 16, what is -12 + 1e?
c
In base 8, what is -2 - 226?
-230
In base 3, what is 1022 - 2?
1020
In base 2, what is 101 + -1111?
-1010
In base 14, what is b + -52?
-45
In base 14, what is 5 - 36?
-31
In base 16, what is -29b - -1?
-29a
In base 12, what is -21aa + 4?
-21a6
In base 4, what is 13 - 232030?
-232011
In base 13, what is -297 - -4?
-293
In base 15, what is -8 + 36?
2d
In base 15, what is 20 - -3?
23
In base 15, what is 3880 - -3?
3883
In base 8, what is -41 + -2?
-43
In base 13, what is 0 + 1c3?
1c3
In base 5, what is -4 + -13323?
-13332
In base 4, what is 13 - -13?
32
In base 4, what is -20220 - -20?
-20200
In base 15, what is -208 + -1?
-209
In base 10, what is